[INFO] cloning repository https://github.com/Werner1201/weather_tray-rs
[INFO] running `Command { std: "git" "-c" "credential.helper=" "-c" "credential.helper=/workspace/cargo-home/bin/git-credential-null" "clone" "--bare" "https://github.com/Werner1201/weather_tray-rs" "/workspace/cache/git-repos/https%3A%2F%2Fgithub.com%2FWerner1201%2Fweather_tray-rs", kill_on_drop: false }`
[INFO] [stderr] Cloning into bare repository '/workspace/cache/git-repos/https%3A%2F%2Fgithub.com%2FWerner1201%2Fweather_tray-rs'...
[INFO] running `Command { std: "git" "rev-parse" "HEAD", kill_on_drop: false }`
[INFO] [stdout] c05ae3dedfd04518360886ae7ab59d7c8fbd6f40
[INFO] building Werner1201/weather_tray-rs against master#881c1ac408d93bb7adaa3a51dabab9266e82eee8 for issue-85264
[INFO] running `Command { std: "git" "clone" "/workspace/cache/git-repos/https%3A%2F%2Fgithub.com%2FWerner1201%2Fweather_tray-rs" "/workspace/builds/worker-8/source", kill_on_drop: false }`
[INFO] [stderr] Cloning into '/workspace/builds/worker-8/source'...
[INFO] [stderr] done.
[INFO] validating manifest of git repo https://github.com/Werner1201/weather_tray-rs on toolchain 881c1ac408d93bb7adaa3a51dabab9266e82eee8
[INFO] running `Command { std: "/workspace/cargo-home/bin/cargo" "+881c1ac408d93bb7adaa3a51dabab9266e82eee8" "metadata" "--manifest-path" "Cargo.toml" "--no-deps", kill_on_drop: false }`
[INFO] started tweaking git repo https://github.com/Werner1201/weather_tray-rs
[INFO] finished tweaking git repo https://github.com/Werner1201/weather_tray-rs
[INFO] tweaked toml for git repo https://github.com/Werner1201/weather_tray-rs written to /workspace/builds/worker-8/source/Cargo.toml
[INFO] crate git repo https://github.com/Werner1201/weather_tray-rs already has a lockfile, it will not be regenerated
[INFO] running `Command { std: "/workspace/cargo-home/bin/cargo" "+881c1ac408d93bb7adaa3a51dabab9266e82eee8" "fetch" "--manifest-path" "Cargo.toml", kill_on_drop: false }`
[INFO] [stderr]     Updating git repository `https://github.com/nicolasbauw/systray-rs`
[INFO] [stderr]  Downloading crates ...
[INFO] [stderr]   Downloaded libappindicator-sys v0.4.0
[INFO] [stderr]   Downloaded gdk-pixbuf-sys v0.9.1
[INFO] [stderr]   Downloaded pango-sys v0.9.1
[INFO] [stderr]   Downloaded gdk-pixbuf v0.8.0
[INFO] [stderr]   Downloaded atk-sys v0.9.1
[INFO] [stderr]   Downloaded gdk-sys v0.9.1
[INFO] [stderr]   Downloaded pango v0.8.0
[INFO] [stderr]   Downloaded gtk v0.8.1
[INFO] [stderr]   Downloaded cairo-rs v0.8.1
[INFO] [stderr]   Downloaded cairo-sys-rs v0.9.2
[INFO] [stderr]   Downloaded rayon-core v1.8.0
[INFO] [stderr]   Downloaded gdk v0.12.1
[INFO] [stderr]   Downloaded gtk-sys v0.9.2
[INFO] [stderr]   Downloaded libappindicator v0.5.1
[INFO] [stderr]   Downloaded crossbeam-channel v0.4.3
[INFO] [stderr]   Downloaded gio v0.8.1
[INFO] [stderr]   Downloaded rayon v1.4.0
[INFO] [stderr]   Downloaded globalenv v0.3.0
[INFO] [stderr]   Downloaded fltk-derive v0.8.2
[INFO] [stderr]   Downloaded fltk v0.8.2
[INFO] [stderr]   Downloaded bindgen v0.52.0
[INFO] [stderr]   Downloaded atk v0.8.0
[INFO] [stderr]   Downloaded glib v0.9.3
[INFO] [stderr]   Downloaded fltk-sys v0.8.2
[INFO] running `Command { std: "docker" "create" "-v" "/var/lib/crater-agent-workspace/builds/worker-8/target:/opt/rustwide/target:rw,Z" "-v" "/var/lib/crater-agent-workspace/builds/worker-8/source:/opt/rustwide/workdir:ro,Z" "-v" "/var/lib/crater-agent-workspace/cargo-home:/opt/rustwide/cargo-home:ro,Z" "-v" "/var/lib/crater-agent-workspace/rustup-home:/opt/rustwide/rustup-home:ro,Z" "-e" "SOURCE_DIR=/opt/rustwide/workdir" "-e" "CARGO_TARGET_DIR=/opt/rustwide/target" "-e" "CARGO_HOME=/opt/rustwide/cargo-home" "-e" "RUSTUP_HOME=/opt/rustwide/rustup-home" "-w" "/opt/rustwide/workdir" "-m" "1610612736" "--user" "0:0" "--network" "none" "ghcr.io/rust-lang/crates-build-env/linux@sha256:20528e8c29e4536546f0102ce88568b16ea7538393a33fcca951030f7af10457" "/opt/rustwide/cargo-home/bin/cargo" "+881c1ac408d93bb7adaa3a51dabab9266e82eee8" "metadata" "--no-deps" "--format-version=1", kill_on_drop: false }`
[INFO] [stdout] 04c26209cf80afd73d7c2f1b2b49050bcca390bd5b099bd210e9dee7c528a204
[INFO] [stderr] WARNING: Your kernel does not support swap limit capabilities or the cgroup is not mounted. Memory limited without swap.
[INFO] running `Command { std: "docker" "start" "-a" "04c26209cf80afd73d7c2f1b2b49050bcca390bd5b099bd210e9dee7c528a204", kill_on_drop: false }`
[INFO] running `Command { std: "docker" "inspect" "04c26209cf80afd73d7c2f1b2b49050bcca390bd5b099bd210e9dee7c528a204", kill_on_drop: false }`
[INFO] running `Command { std: "docker" "rm" "-f" "04c26209cf80afd73d7c2f1b2b49050bcca390bd5b099bd210e9dee7c528a204", kill_on_drop: false }`
[INFO] [stdout] 04c26209cf80afd73d7c2f1b2b49050bcca390bd5b099bd210e9dee7c528a204
[INFO] running `Command { std: "docker" "create" "-v" "/var/lib/crater-agent-workspace/builds/worker-8/target:/opt/rustwide/target:rw,Z" "-v" "/var/lib/crater-agent-workspace/builds/worker-8/source:/opt/rustwide/workdir:ro,Z" "-v" "/var/lib/crater-agent-workspace/cargo-home:/opt/rustwide/cargo-home:ro,Z" "-v" "/var/lib/crater-agent-workspace/rustup-home:/opt/rustwide/rustup-home:ro,Z" "-e" "SOURCE_DIR=/opt/rustwide/workdir" "-e" "CARGO_TARGET_DIR=/opt/rustwide/target" "-e" "CARGO_INCREMENTAL=0" "-e" "RUST_BACKTRACE=full" "-e" "RUSTFLAGS=--cap-lints=forbid" "-e" "CARGO_HOME=/opt/rustwide/cargo-home" "-e" "RUSTUP_HOME=/opt/rustwide/rustup-home" "-w" "/opt/rustwide/workdir" "-m" "1610612736" "--user" "0:0" "--network" "none" "ghcr.io/rust-lang/crates-build-env/linux@sha256:20528e8c29e4536546f0102ce88568b16ea7538393a33fcca951030f7af10457" "/opt/rustwide/cargo-home/bin/cargo" "+881c1ac408d93bb7adaa3a51dabab9266e82eee8" "build" "--frozen" "--message-format=json", kill_on_drop: false }`
[INFO] [stderr] WARNING: Your kernel does not support swap limit capabilities or the cgroup is not mounted. Memory limited without swap.
[INFO] [stdout] d0452d21e083c4b09451ec3abf87d3926121ae4c075eb69b9d177c281ccc7e31
[INFO] running `Command { std: "docker" "start" "-a" "d0452d21e083c4b09451ec3abf87d3926121ae4c075eb69b9d177c281ccc7e31", kill_on_drop: false }`
[INFO] [stderr]    Compiling libc v0.2.76
[INFO] [stderr]    Compiling memchr v2.3.3
[INFO] [stderr]    Compiling syn v1.0.39
[INFO] [stderr]    Compiling proc-macro-nested v0.1.6
[INFO] [stderr]    Compiling proc-macro-hack v0.5.18
[INFO] [stderr]    Compiling once_cell v1.4.1
[INFO] [stderr]    Compiling futures-io v0.3.5
[INFO] [stderr]    Compiling itoa v0.4.6
[INFO] [stderr]    Compiling unicode-width v0.1.8
[INFO] [stderr]    Compiling quick-error v1.2.3
[INFO] [stderr]    Compiling getrandom v0.1.14
[INFO] [stderr]    Compiling bindgen v0.52.0
[INFO] [stderr]    Compiling termcolor v1.1.0
[INFO] [stderr]    Compiling rayon-core v1.8.0
[INFO] [stderr]    Compiling gio v0.8.1
[INFO] [stderr]    Compiling cairo-rs v0.8.1
[INFO] [stderr]    Compiling pango v0.8.0
[INFO] [stderr]    Compiling gdk-pixbuf v0.8.0
[INFO] [stderr]    Compiling tinyvec v0.3.4
[INFO] [stderr]    Compiling serde v1.0.115
[INFO] [stderr]    Compiling either v1.6.0
[INFO] [stderr]    Compiling atk v0.8.0
[INFO] [stderr]    Compiling gdk v0.12.1
[INFO] [stderr]    Compiling winapi v0.3.9
[INFO] [stderr]    Compiling openssl-probe v0.1.2
[INFO] [stderr]    Compiling gtk v0.8.1
[INFO] [stderr]    Compiling ab_glyph_rasterizer v0.1.2
[INFO] [stderr]    Compiling glib-sys v0.9.1
[INFO] [stderr]    Compiling gobject-sys v0.9.1
[INFO] [stderr]    Compiling gio-sys v0.9.1
[INFO] [stderr]    Compiling pango-sys v0.9.1
[INFO] [stderr]    Compiling gdk-pixbuf-sys v0.9.1
[INFO] [stderr]    Compiling cairo-sys-rs v0.9.2
[INFO] [stderr]    Compiling futures-channel v0.3.5
[INFO] [stderr]    Compiling num-traits v0.2.12
[INFO] [stderr]    Compiling gdk-sys v0.9.1
[INFO] [stderr]    Compiling atk-sys v0.9.1
[INFO] [stderr]    Compiling num-integer v0.1.43
[INFO] [stderr]    Compiling crossbeam-utils v0.7.2
[INFO] [stderr]    Compiling clang-sys v0.28.1
[INFO] [stderr]    Compiling openssl-sys v0.9.58
[INFO] [stderr]    Compiling memoffset v0.5.5
[INFO] [stderr]    Compiling nom v4.2.3
[INFO] [stderr]    Compiling crossbeam-epoch v0.8.2
[INFO] [stderr]    Compiling gtk-sys v0.9.2
[INFO] [stderr]    Compiling thread_local v1.0.1
[INFO] [stderr]    Compiling num-iter v0.1.41
[INFO] [stderr]    Compiling hashbrown v0.8.2
[INFO] [stderr]    Compiling num-bigint v0.3.0
[INFO] [stderr]    Compiling indexmap v1.5.1
[INFO] [stderr]    Compiling tracing-core v0.1.15
[INFO] [stderr]    Compiling rayon v1.4.0
[INFO] [stderr]    Compiling num-rational v0.3.0
[INFO] [stderr]    Compiling cmake v0.1.44
[INFO] [stderr]    Compiling unicase v2.6.0
[INFO] [stderr]    Compiling unicode-bidi v0.3.4
[INFO] [stderr]    Compiling gif v0.10.3
[INFO] [stderr]    Compiling humantime v1.3.0
[INFO] [stderr]    Compiling textwrap v0.11.0
[INFO] [stderr]    Compiling itertools v0.9.0
[INFO] [stderr]    Compiling http v0.2.1
[INFO] [stderr]    Compiling futures-task v0.3.5
[INFO] [stderr]    Compiling unicode-normalization v0.1.13
[INFO] [stderr]    Compiling rusttype v0.9.2
[INFO] [stderr]    Compiling encoding_rs v0.8.24
[INFO] [stderr]    Compiling want v0.3.0
[INFO] [stderr]    Compiling deflate v0.8.6
[INFO] [stderr]    Compiling tiff v0.5.0
[INFO] [stderr]    Compiling tracing v0.1.19
[INFO] [stderr]    Compiling aho-corasick v0.7.13
[INFO] [stderr]    Compiling fltk-sys v0.8.2
[INFO] [stderr]    Compiling winreg v0.7.0
[INFO] [stdout] error[E0433]: failed to resolve: could not find `windows` in `os`
[INFO] [stdout]    --> /opt/rustwide/cargo-home/registry/src/github.com-1ecc6299db9ec823/winreg-0.7.0/src/lib.rs:121:14
[INFO] [stdout]     |
[INFO] [stdout] 121 | use std::os::windows::ffi::OsStrExt;
[INFO] [stdout]     |              ^^^^^^^ could not find `windows` in `os`
[INFO] [stdout] 
[INFO] [stdout] 
[INFO] [stdout] error[E0433]: failed to resolve: could not find `shared` in `winapi`
[INFO] [stdout]    --> /opt/rustwide/cargo-home/registry/src/github.com-1ecc6299db9ec823/winreg-0.7.0/src/lib.rs:127:17
[INFO] [stdout]     |
[INFO] [stdout] 127 | pub use winapi::shared::minwindef::HKEY;
[INFO] [stdout]     |                 ^^^^^^ could not find `shared` in `winapi`
[INFO] [stdout] 
[INFO] [stdout] 
[INFO] [stdout] error[E0433]: failed to resolve: could not find `shared` in `winapi`
[INFO] [stdout]    --> /opt/rustwide/cargo-home/registry/src/github.com-1ecc6299db9ec823/winreg-0.7.0/src/lib.rs:128:13
[INFO] [stdout]     |
[INFO] [stdout] 128 | use winapi::shared::minwindef::{BYTE, DWORD, FILETIME, LPBYTE};
[INFO] [stdout]     |             ^^^^^^ could not find `shared` in `winapi`
[INFO] [stdout] 
[INFO] [stdout] 
[INFO] [stdout] error[E0433]: failed to resolve: could not find `um` in `winapi`
[INFO] [stdout]    --> /opt/rustwide/cargo-home/registry/src/github.com-1ecc6299db9ec823/winreg-0.7.0/src/lib.rs:130:13
[INFO] [stdout]     |
[INFO] [stdout] 130 | use winapi::um::minwinbase::SYSTEMTIME;
[INFO] [stdout]     |             ^^ could not find `um` in `winapi`
[INFO] [stdout] 
[INFO] [stdout] 
[INFO] [stdout] error[E0433]: failed to resolve: could not find `um` in `winapi`
[INFO] [stdout]    --> /opt/rustwide/cargo-home/registry/src/github.com-1ecc6299db9ec823/winreg-0.7.0/src/lib.rs:131:13
[INFO] [stdout]     |
[INFO] [stdout] 131 | use winapi::um::timezoneapi::FileTimeToSystemTime;
[INFO] [stdout]     |             ^^ could not find `um` in `winapi`
[INFO] [stdout] 
[INFO] [stdout] 
[INFO] [stdout] error[E0432]: unresolved import `winapi::shared`
[INFO] [stdout]    --> /opt/rustwide/cargo-home/registry/src/github.com-1ecc6299db9ec823/winreg-0.7.0/src/lib.rs:129:13
[INFO] [stdout]     |
[INFO] [stdout] 129 | use winapi::shared::winerror;
[INFO] [stdout]     |             ^^^^^^ could not find `shared` in `winapi`
[INFO] [stdout] 
[INFO] [stdout] 
[INFO] [stdout] error[E0433]: failed to resolve: could not find `um` in `winapi`
[INFO] [stdout]    --> /opt/rustwide/cargo-home/registry/src/github.com-1ecc6299db9ec823/winreg-0.7.0/src/lib.rs:132:13
[INFO] [stdout]     |
[INFO] [stdout] 132 | use winapi::um::winnt::{self, WCHAR};
[INFO] [stdout]     |             ^^ could not find `um` in `winapi`
[INFO] [stdout] 
[INFO] [stdout] 
[INFO] [stdout] error[E0432]: unresolved import `winapi::um`
[INFO] [stdout]    --> /opt/rustwide/cargo-home/registry/src/github.com-1ecc6299db9ec823/winreg-0.7.0/src/lib.rs:132:13
[INFO] [stdout]     |
[INFO] [stdout] 132 | use winapi::um::winnt::{self, WCHAR};
[INFO] [stdout]     |             ^^ could not find `um` in `winapi`
[INFO] [stdout] 
[INFO] [stdout] 
[INFO] [stdout] error[E0433]: failed to resolve: could not find `um` in `winapi`
[INFO] [stdout]  --> /opt/rustwide/cargo-home/registry/src/github.com-1ecc6299db9ec823/winreg-0.7.0/src/enums.rs:9:17
[INFO] [stdout]   |
[INFO] [stdout] 9 | pub use winapi::um::winnt::{
[INFO] [stdout]   |                 ^^ could not find `um` in `winapi`
[INFO] [stdout] 
[INFO] [stdout] 
[INFO] [stdout] error[E0433]: failed to resolve: could not find `um` in `winapi`
[INFO] [stdout]   --> /opt/rustwide/cargo-home/registry/src/github.com-1ecc6299db9ec823/winreg-0.7.0/src/enums.rs:14:17
[INFO] [stdout]    |
[INFO] [stdout] 14 | pub use winapi::um::winreg::{
[INFO] [stdout]    |                 ^^ could not find `um` in `winapi`
[INFO] [stdout] 
[INFO] [stdout] 
[INFO] [stdout] error[E0432]: unresolved import `winapi::um`
[INFO] [stdout]    --> /opt/rustwide/cargo-home/registry/src/github.com-1ecc6299db9ec823/winreg-0.7.0/src/lib.rs:133:13
[INFO] [stdout]     |
[INFO] [stdout] 133 | use winapi::um::winreg as winapi_reg;
[INFO] [stdout]     |             ^^ could not find `um` in `winapi`
[INFO] [stdout] 
[INFO] [stdout] 
[INFO] [stdout] error[E0433]: failed to resolve: could not find `windows` in `os`
[INFO] [stdout]   --> /opt/rustwide/cargo-home/registry/src/github.com-1ecc6299db9ec823/winreg-0.7.0/src/types.rs:14:14
[INFO] [stdout]    |
[INFO] [stdout] 14 | use std::os::windows::ffi::{OsStrExt, OsStringExt};
[INFO] [stdout]    |              ^^^^^^^ could not find `windows` in `os`
[INFO] [stdout] 
[INFO] [stdout] 
[INFO] [stdout] error[E0432]: unresolved import `super::winapi::shared`
[INFO] [stdout]  --> /opt/rustwide/cargo-home/registry/src/github.com-1ecc6299db9ec823/winreg-0.7.0/src/types.rs:9:20
[INFO] [stdout]   |
[INFO] [stdout] 9 | use super::winapi::shared::winerror;
[INFO] [stdout]   |                    ^^^^^^ could not find `shared` in `winapi`
[INFO] [stdout] 
[INFO] [stdout] 
[INFO] [stdout] error[E0433]: failed to resolve: could not find `um` in `winapi`
[INFO] [stdout]   --> /opt/rustwide/cargo-home/registry/src/github.com-1ecc6299db9ec823/winreg-0.7.0/src/enums.rs:26:29
[INFO] [stdout]    |
[INFO] [stdout] 26 |               $( $v = winapi::um::winnt::$v as isize ),*
[INFO] [stdout]    |                               ^^ could not find `um` in `winapi`
[INFO] [stdout] ...
[INFO] [stdout] 31 | / winapi_enum!(RegType, "Enumeration of possible registry value types" => [
[INFO] [stdout] 32 | | REG_NONE,
[INFO] [stdout] 33 | | REG_SZ,
[INFO] [stdout] 34 | | REG_EXPAND_SZ,
[INFO] [stdout] ...  |
[INFO] [stdout] 43 | | REG_QWORD
[INFO] [stdout] 44 | | ]);
[INFO] [stdout]    | |___- in this macro invocation
[INFO] [stdout]    |
[INFO] [stdout]    = note: this error originates in a macro (in Nightly builds, run with -Z macro-backtrace for more info)
[INFO] [stdout] 
[INFO] [stdout] 
[INFO] [stdout] error[E0433]: failed to resolve: could not find `um` in `winapi`
[INFO] [stdout]   --> /opt/rustwide/cargo-home/registry/src/github.com-1ecc6299db9ec823/winreg-0.7.0/src/enums.rs:26:29
[INFO] [stdout]    |
[INFO] [stdout] 26 |               $( $v = winapi::um::winnt::$v as isize ),*
[INFO] [stdout]    |                               ^^ could not find `um` in `winapi`
[INFO] [stdout] ...
[INFO] [stdout] 47 | / winapi_enum!(RegDisposition, "Enumeration of possible disposition values" => [
[INFO] [stdout] 48 | | REG_CREATED_NEW_KEY,
[INFO] [stdout] 49 | | REG_OPENED_EXISTING_KEY
[INFO] [stdout] 50 | | ]);
[INFO] [stdout]    | |___- in this macro invocation
[INFO] [stdout]    |
[INFO] [stdout]    = note: this error originates in a macro (in Nightly builds, run with -Z macro-backtrace for more info)
[INFO] [stdout] 
[INFO] [stdout] 
[INFO] [stderr]    Compiling mime_guess v2.0.3
[INFO] [stdout] error[E0412]: cannot find type `DWORD` in this scope
[INFO] [stdout]    --> /opt/rustwide/cargo-home/registry/src/github.com-1ecc6299db9ec823/winreg-0.7.0/src/lib.rs:155:19
[INFO] [stdout]     |
[INFO] [stdout] 155 |     pub sub_keys: DWORD,
[INFO] [stdout]     |                   ^^^^^ not found in this scope
[INFO] [stdout] 
[INFO] [stdout] 
[INFO] [stdout] error[E0412]: cannot find type `DWORD` in this scope
[INFO] [stdout]    --> /opt/rustwide/cargo-home/registry/src/github.com-1ecc6299db9ec823/winreg-0.7.0/src/lib.rs:156:26
[INFO] [stdout]     |
[INFO] [stdout] 156 |     pub max_sub_key_len: DWORD,
[INFO] [stdout]     |                          ^^^^^ not found in this scope
[INFO] [stdout] 
[INFO] [stdout] 
[INFO] [stdout] error[E0412]: cannot find type `DWORD` in this scope
[INFO] [stdout]    --> /opt/rustwide/cargo-home/registry/src/github.com-1ecc6299db9ec823/winreg-0.7.0/src/lib.rs:157:24
[INFO] [stdout]     |
[INFO] [stdout] 157 |     pub max_class_len: DWORD,
[INFO] [stdout]     |                        ^^^^^ not found in this scope
[INFO] [stdout] 
[INFO] [stdout] 
[INFO] [stdout] error[E0412]: cannot find type `DWORD` in this scope
[INFO] [stdout]    --> /opt/rustwide/cargo-home/registry/src/github.com-1ecc6299db9ec823/winreg-0.7.0/src/lib.rs:158:17
[INFO] [stdout]     |
[INFO] [stdout] 158 |     pub values: DWORD,
[INFO] [stdout]     |                 ^^^^^ not found in this scope
[INFO] [stdout] 
[INFO] [stdout] 
[INFO] [stdout] error[E0412]: cannot find type `DWORD` in this scope
[INFO] [stdout]    --> /opt/rustwide/cargo-home/registry/src/github.com-1ecc6299db9ec823/winreg-0.7.0/src/lib.rs:159:29
[INFO] [stdout]     |
[INFO] [stdout] 159 |     pub max_value_name_len: DWORD,
[INFO] [stdout]     |                             ^^^^^ not found in this scope
[INFO] [stdout] 
[INFO] [stdout] 
[INFO] [stdout] error[E0412]: cannot find type `DWORD` in this scope
[INFO] [stdout]    --> /opt/rustwide/cargo-home/registry/src/github.com-1ecc6299db9ec823/winreg-0.7.0/src/lib.rs:160:24
[INFO] [stdout]     |
[INFO] [stdout] 160 |     pub max_value_len: DWORD,
[INFO] [stdout]     |                        ^^^^^ not found in this scope
[INFO] [stdout] 
[INFO] [stdout] 
[INFO] [stdout] error[E0412]: cannot find type `FILETIME` in this scope
[INFO] [stdout]    --> /opt/rustwide/cargo-home/registry/src/github.com-1ecc6299db9ec823/winreg-0.7.0/src/lib.rs:162:26
[INFO] [stdout]     |
[INFO] [stdout] 162 |     pub last_write_time: FILETIME,
[INFO] [stdout]     |                          ^^^^^^^^ not found in this scope
[INFO] [stdout] 
[INFO] [stdout] 
[INFO] [stdout] error[E0412]: cannot find type `SYSTEMTIME` in this scope
[INFO] [stdout]    --> /opt/rustwide/cargo-home/registry/src/github.com-1ecc6299db9ec823/winreg-0.7.0/src/lib.rs:167:49
[INFO] [stdout]     |
[INFO] [stdout] 167 |     pub fn get_last_write_time_system(&self) -> SYSTEMTIME {
[INFO] [stdout]     |                                                 ^^^^^^^^^^ not found in this scope
[INFO] [stdout] 
[INFO] [stdout] 
[INFO] [stdout] error[E0412]: cannot find type `SYSTEMTIME` in this scope
[INFO] [stdout]    --> /opt/rustwide/cargo-home/registry/src/github.com-1ecc6299db9ec823/winreg-0.7.0/src/lib.rs:168:21
[INFO] [stdout]     |
[INFO] [stdout] 168 |         let mut st: SYSTEMTIME = unsafe { ::std::mem::zeroed() };
[INFO] [stdout]     |                     ^^^^^^^^^^ not found in this scope
[INFO] [stdout] 
[INFO] [stdout] 
[INFO] [stdout] error[E0425]: cannot find function, tuple struct or tuple variant `FileTimeToSystemTime` in this scope
[INFO] [stdout]    --> /opt/rustwide/cargo-home/registry/src/github.com-1ecc6299db9ec823/winreg-0.7.0/src/lib.rs:170:13
[INFO] [stdout]     |
[INFO] [stdout] 170 |             FileTimeToSystemTime(&self.last_write_time, &mut st);
[INFO] [stdout]     |             ^^^^^^^^^^^^^^^^^^^^ not found in this scope
[INFO] [stdout] 
[INFO] [stdout] 
[INFO] [stdout] error[E0412]: cannot find type `HKEY` in this scope
[INFO] [stdout]    --> /opt/rustwide/cargo-home/registry/src/github.com-1ecc6299db9ec823/winreg-0.7.0/src/lib.rs:220:11
[INFO] [stdout]     |
[INFO] [stdout] 220 |     hkey: HKEY,
[INFO] [stdout]     |           ^^^^ not found in this scope
[INFO] [stdout] 
[INFO] [stdout] 
[INFO] [stdout] error[E0412]: cannot find type `HKEY` in this scope
[INFO] [stdout]    --> /opt/rustwide/cargo-home/registry/src/github.com-1ecc6299db9ec823/winreg-0.7.0/src/lib.rs:246:25
[INFO] [stdout]     |
[INFO] [stdout] 246 |     pub fn predef(hkey: HKEY) -> RegKey {
[INFO] [stdout]     |                         ^^^^ not found in this scope
[INFO] [stdout] 
[INFO] [stdout] 
[INFO] [stdout] error[E0412]: cannot find type `HKEY` in this scope
[INFO] [stdout]    --> /opt/rustwide/cargo-home/registry/src/github.com-1ecc6299db9ec823/winreg-0.7.0/src/lib.rs:265:33
[INFO] [stdout]     |
[INFO] [stdout] 265 |     pub fn raw_handle(&self) -> HKEY {
[INFO] [stdout]     |                                 ^^^^ not found in this scope
[INFO] [stdout] 
[INFO] [stdout] 
[INFO] [stdout] error[E0425]: cannot find value `KEY_READ` in module `enums`
[INFO] [stdout]    --> /opt/rustwide/cargo-home/registry/src/github.com-1ecc6299db9ec823/winreg-0.7.0/src/lib.rs:287:50
[INFO] [stdout]     |
[INFO] [stdout] 287 |         self.open_subkey_with_flags(path, enums::KEY_READ)
[INFO] [stdout]     |                                                  ^^^^^^^^ not found in `enums`
[INFO] [stdout] 
[INFO] [stdout] 
[INFO] [stdout] error[E0412]: cannot find type `HKEY` in this scope
[INFO] [stdout]    --> /opt/rustwide/cargo-home/registry/src/github.com-1ecc6299db9ec823/winreg-0.7.0/src/lib.rs:311:27
[INFO] [stdout]     |
[INFO] [stdout] 311 |         let mut new_hkey: HKEY = ptr::null_mut();
[INFO] [stdout]     |                           ^^^^ not found in this scope
[INFO] [stdout] 
[INFO] [stdout] 
[INFO] [stdout] error[E0412]: cannot find type `DWORD` in this scope
[INFO] [stdout]    --> /opt/rustwide/cargo-home/registry/src/github.com-1ecc6299db9ec823/winreg-0.7.0/src/lib.rs:313:95
[INFO] [stdout]     |
[INFO] [stdout] 313 |             winapi_reg::RegOpenKeyExW(self.hkey, c_path.as_ptr(), 0, perms, &mut new_hkey) as DWORD
[INFO] [stdout]     |                                                                                               ^^^^^ not found in this scope
[INFO] [stdout] 
[INFO] [stdout] 
[INFO] [stdout] error[E0425]: cannot find value `KEY_ALL_ACCESS` in module `enums`
[INFO] [stdout]    --> /opt/rustwide/cargo-home/registry/src/github.com-1ecc6299db9ec823/winreg-0.7.0/src/lib.rs:382:52
[INFO] [stdout]     |
[INFO] [stdout] 382 |         self.create_subkey_with_flags(path, enums::KEY_ALL_ACCESS)
[INFO] [stdout]     |                                                    ^^^^^^^^^^^^^^ not found in `enums`
[INFO] [stdout] 
[INFO] [stdout] 
[INFO] [stdout] error[E0412]: cannot find type `HKEY` in this scope
[INFO] [stdout]    --> /opt/rustwide/cargo-home/registry/src/github.com-1ecc6299db9ec823/winreg-0.7.0/src/lib.rs:391:27
[INFO] [stdout]     |
[INFO] [stdout] 391 |         let mut new_hkey: HKEY = ptr::null_mut();
[INFO] [stdout]     |                           ^^^^ not found in this scope
[INFO] [stdout] 
[INFO] [stdout] 
[INFO] [stdout] error[E0412]: cannot find type `DWORD` in this scope
[INFO] [stdout]    --> /opt/rustwide/cargo-home/registry/src/github.com-1ecc6299db9ec823/winreg-0.7.0/src/lib.rs:392:27
[INFO] [stdout]     |
[INFO] [stdout] 392 |         let mut disp_buf: DWORD = 0;
[INFO] [stdout]     |                           ^^^^^ not found in this scope
[INFO] [stdout] 
[INFO] [stdout] 
[INFO] [stdout] error[E0412]: cannot find type `DWORD` in this scope
[INFO] [stdout]    --> /opt/rustwide/cargo-home/registry/src/github.com-1ecc6299db9ec823/winreg-0.7.0/src/lib.rs:499:18
[INFO] [stdout]     |
[INFO] [stdout] 499 |             ) as DWORD
[INFO] [stdout]     |                  ^^^^^ not found in this scope
[INFO] [stdout] 
[INFO] [stdout] 
[INFO] [stdout] error[E0412]: cannot find type `DWORD` in this scope
[INFO] [stdout]    --> /opt/rustwide/cargo-home/registry/src/github.com-1ecc6299db9ec823/winreg-0.7.0/src/lib.rs:667:18
[INFO] [stdout]     |
[INFO] [stdout] 667 |             ) as DWORD
[INFO] [stdout]     |                  ^^^^^ not found in this scope
[INFO] [stdout] 
[INFO] [stdout] 
[INFO] [stdout] error[E0412]: cannot find type `DWORD` in this scope
[INFO] [stdout]    --> /opt/rustwide/cargo-home/registry/src/github.com-1ecc6299db9ec823/winreg-0.7.0/src/lib.rs:718:26
[INFO] [stdout]     |
[INFO] [stdout] 718 |         let mut buf_len: DWORD = 2048;
[INFO] [stdout]     |                          ^^^^^ not found in this scope
[INFO] [stdout] 
[INFO] [stdout] 
[INFO] [stdout] error[E0412]: cannot find type `DWORD` in this scope
[INFO] [stdout]    --> /opt/rustwide/cargo-home/registry/src/github.com-1ecc6299db9ec823/winreg-0.7.0/src/lib.rs:719:27
[INFO] [stdout]     |
[INFO] [stdout] 719 |         let mut buf_type: DWORD = 0;
[INFO] [stdout]     |                           ^^^^^ not found in this scope
[INFO] [stdout] 
[INFO] [stdout] 
[INFO] [stdout] error[E0412]: cannot find type `LPBYTE` in this scope
[INFO] [stdout]    --> /opt/rustwide/cargo-home/registry/src/github.com-1ecc6299db9ec823/winreg-0.7.0/src/lib.rs:728:41
[INFO] [stdout]     |
[INFO] [stdout] 728 |                     buf.as_mut_ptr() as LPBYTE,
[INFO] [stdout]     |                                         ^^^^^^ not found in this scope
[INFO] [stdout] 
[INFO] [stdout] 
[INFO] [stdout] error[E0412]: cannot find type `DWORD` in this scope
[INFO] [stdout]    --> /opt/rustwide/cargo-home/registry/src/github.com-1ecc6299db9ec823/winreg-0.7.0/src/lib.rs:730:22
[INFO] [stdout]     |
[INFO] [stdout] 730 |                 ) as DWORD
[INFO] [stdout]     |                      ^^^^^ not found in this scope
[INFO] [stdout] 
[INFO] [stdout] 
[INFO] [stdout] error[E0412]: cannot find type `DWORD` in this scope
[INFO] [stdout]    --> /opt/rustwide/cargo-home/registry/src/github.com-1ecc6299db9ec823/winreg-0.7.0/src/lib.rs:797:40
[INFO] [stdout]     |
[INFO] [stdout] 797 |         let t = value.vtype.clone() as DWORD;
[INFO] [stdout]     |                                        ^^^^^ not found in this scope
[INFO] [stdout] 
[INFO] [stdout] 
[INFO] [stdout] error[E0412]: cannot find type `BYTE` in this scope
[INFO] [stdout]    --> /opt/rustwide/cargo-home/registry/src/github.com-1ecc6299db9ec823/winreg-0.7.0/src/lib.rs:804:48
[INFO] [stdout]     |
[INFO] [stdout] 804 |                 value.bytes.as_ptr() as *const BYTE,
[INFO] [stdout]     |                                                ^^^^ not found in this scope
[INFO] [stdout] 
[INFO] [stdout] 
[INFO] [stdout] error[E0412]: cannot find type `DWORD` in this scope
[INFO] [stdout]    --> /opt/rustwide/cargo-home/registry/src/github.com-1ecc6299db9ec823/winreg-0.7.0/src/lib.rs:806:18
[INFO] [stdout]     |
[INFO] [stdout] 806 |             ) as DWORD
[INFO] [stdout]     |                  ^^^^^ not found in this scope
[INFO] [stdout] 
[INFO] [stdout] 
[INFO] [stdout] error[E0412]: cannot find type `DWORD` in this scope
[INFO] [stdout]    --> /opt/rustwide/cargo-home/registry/src/github.com-1ecc6299db9ec823/winreg-0.7.0/src/lib.rs:831:83
[INFO] [stdout]     |
[INFO] [stdout] 831 |         match unsafe { winapi_reg::RegDeleteValueW(self.hkey, c_name.as_ptr()) as DWORD } {
[INFO] [stdout]     |                                                                                   ^^^^^ not found in this scope
[INFO] [stdout] 
[INFO] [stdout] 
[INFO] [stdout] error[E0425]: cannot find value `HKEY_CLASSES_ROOT` in module `enums`
[INFO] [stdout]    --> /opt/rustwide/cargo-home/registry/src/github.com-1ecc6299db9ec823/winreg-0.7.0/src/lib.rs:927:32
[INFO] [stdout]     |
[INFO] [stdout] 927 |         if self.hkey >= enums::HKEY_CLASSES_ROOT {
[INFO] [stdout]     |                                ^^^^^^^^^^^^^^^^^ not found in `enums`
[INFO] [stdout] 
[INFO] [stdout] 
[INFO] [stdout] error[E0412]: cannot find type `DWORD` in this scope
[INFO] [stdout]    --> /opt/rustwide/cargo-home/registry/src/github.com-1ecc6299db9ec823/winreg-0.7.0/src/lib.rs:930:62
[INFO] [stdout]     |
[INFO] [stdout] 930 |         match unsafe { winapi_reg::RegCloseKey(self.hkey) as DWORD } {
[INFO] [stdout]     |                                                              ^^^^^ not found in this scope
[INFO] [stdout] 
[INFO] [stdout] 
[INFO] [stdout] error[E0412]: cannot find type `DWORD` in this scope
[INFO] [stdout]    --> /opt/rustwide/cargo-home/registry/src/github.com-1ecc6299db9ec823/winreg-0.7.0/src/lib.rs:936:31
[INFO] [stdout]     |
[INFO] [stdout] 936 |     fn enum_key(&self, index: DWORD) -> Option<io::Result<String>> {
[INFO] [stdout]     |                               ^^^^^ not found in this scope
[INFO] [stdout] 
[INFO] [stdout] 
[INFO] [stdout] error[E0412]: cannot find type `WCHAR` in this scope
[INFO] [stdout]    --> /opt/rustwide/cargo-home/registry/src/github.com-1ecc6299db9ec823/winreg-0.7.0/src/lib.rs:938:30
[INFO] [stdout]     |
[INFO] [stdout] 938 |         let mut name = [0 as WCHAR; 2048];
[INFO] [stdout]     |                              ^^^^^ not found in this scope
[INFO] [stdout] 
[INFO] [stdout] 
[INFO] [stdout] error[E0412]: cannot find type `DWORD` in this scope
[INFO] [stdout]    --> /opt/rustwide/cargo-home/registry/src/github.com-1ecc6299db9ec823/winreg-0.7.0/src/lib.rs:949:18
[INFO] [stdout]     |
[INFO] [stdout] 949 |             ) as DWORD
[INFO] [stdout]     |                  ^^^^^ not found in this scope
[INFO] [stdout] 
[INFO] [stdout] 
[INFO] [stdout] error[E0412]: cannot find type `DWORD` in this scope
[INFO] [stdout]    --> /opt/rustwide/cargo-home/registry/src/github.com-1ecc6299db9ec823/winreg-0.7.0/src/lib.rs:960:33
[INFO] [stdout]     |
[INFO] [stdout] 960 |     fn enum_value(&self, index: DWORD) -> Option<io::Result<(String, RegValue)>> {
[INFO] [stdout]     |                                 ^^^^^ not found in this scope
[INFO] [stdout] 
[INFO] [stdout] 
[INFO] [stdout] error[E0412]: cannot find type `WCHAR` in this scope
[INFO] [stdout]    --> /opt/rustwide/cargo-home/registry/src/github.com-1ecc6299db9ec823/winreg-0.7.0/src/lib.rs:962:30
[INFO] [stdout]     |
[INFO] [stdout] 962 |         let mut name = [0 as WCHAR; 2048];
[INFO] [stdout]     |                              ^^^^^ not found in this scope
[INFO] [stdout] 
[INFO] [stdout] 
[INFO] [stdout] error[E0412]: cannot find type `DWORD` in this scope
[INFO] [stdout]    --> /opt/rustwide/cargo-home/registry/src/github.com-1ecc6299db9ec823/winreg-0.7.0/src/lib.rs:964:26
[INFO] [stdout]     |
[INFO] [stdout] 964 |         let mut buf_len: DWORD = 2048;
[INFO] [stdout]     |                          ^^^^^ not found in this scope
[INFO] [stdout] 
[INFO] [stdout] 
[INFO] [stdout] error[E0412]: cannot find type `DWORD` in this scope
[INFO] [stdout]    --> /opt/rustwide/cargo-home/registry/src/github.com-1ecc6299db9ec823/winreg-0.7.0/src/lib.rs:965:27
[INFO] [stdout]     |
[INFO] [stdout] 965 |         let mut buf_type: DWORD = 0;
[INFO] [stdout]     |                           ^^^^^ not found in this scope
[INFO] [stdout] 
[INFO] [stdout] 
[INFO] [stdout] error[E0412]: cannot find type `LPBYTE` in this scope
[INFO] [stdout]    --> /opt/rustwide/cargo-home/registry/src/github.com-1ecc6299db9ec823/winreg-0.7.0/src/lib.rs:976:41
[INFO] [stdout]     |
[INFO] [stdout] 976 |                     buf.as_mut_ptr() as LPBYTE,
[INFO] [stdout]     |                                         ^^^^^^ not found in this scope
[INFO] [stdout] 
[INFO] [stdout] 
[INFO] [stdout] error[E0412]: cannot find type `DWORD` in this scope
[INFO] [stdout]    --> /opt/rustwide/cargo-home/registry/src/github.com-1ecc6299db9ec823/winreg-0.7.0/src/lib.rs:978:22
[INFO] [stdout]     |
[INFO] [stdout] 978 |                 ) as DWORD
[INFO] [stdout]     |                      ^^^^^ not found in this scope
[INFO] [stdout] 
[INFO] [stdout] 
[INFO] [stdout] error[E0412]: cannot find type `DWORD` in this scope
[INFO] [stdout]     --> /opt/rustwide/cargo-home/registry/src/github.com-1ecc6299db9ec823/winreg-0.7.0/src/lib.rs:1019:12
[INFO] [stdout]      |
[INFO] [stdout] 1019 |     index: DWORD,
[INFO] [stdout]      |            ^^^^^ not found in this scope
[INFO] [stdout] 
[INFO] [stdout] 
[INFO] [stdout] error[E0412]: cannot find type `DWORD` in this scope
[INFO] [stdout]     --> /opt/rustwide/cargo-home/registry/src/github.com-1ecc6299db9ec823/winreg-0.7.0/src/lib.rs:1036:28
[INFO] [stdout]      |
[INFO] [stdout] 1036 |         self.index += n as DWORD;
[INFO] [stdout]      |                            ^^^^^ not found in this scope
[INFO] [stdout] 
[INFO] [stdout] 
[INFO] [stdout] error[E0412]: cannot find type `DWORD` in this scope
[INFO] [stdout]     --> /opt/rustwide/cargo-home/registry/src/github.com-1ecc6299db9ec823/winreg-0.7.0/src/lib.rs:1044:12
[INFO] [stdout]      |
[INFO] [stdout] 1044 |     index: DWORD,
[INFO] [stdout]      |            ^^^^^ not found in this scope
[INFO] [stdout] 
[INFO] [stdout] 
[INFO] [stdout] error[E0412]: cannot find type `DWORD` in this scope
[INFO] [stdout]     --> /opt/rustwide/cargo-home/registry/src/github.com-1ecc6299db9ec823/winreg-0.7.0/src/lib.rs:1061:28
[INFO] [stdout]      |
[INFO] [stdout] 1061 |         self.index += n as DWORD;
[INFO] [stdout]      |                            ^^^^^ not found in this scope
[INFO] [stdout] 
[INFO] [stdout] 
[INFO] [stdout] error[E0283]: type annotations needed
[INFO] [stdout]    --> /opt/rustwide/cargo-home/registry/src/github.com-1ecc6299db9ec823/winreg-0.7.0/src/lib.rs:155:5
[INFO] [stdout]     |
[INFO] [stdout] 155 |     pub sub_keys: DWORD,
[INFO] [stdout]     |     ^^^^^^^^^^^^^^^^^^^ cannot infer type
[INFO] [stdout]     |
[INFO] [stdout]     = note: cannot satisfy `_: Default`
[INFO] [stdout]     = note: required by `std::default::Default::default`
[INFO] [stdout]     = note: this error originates in a derive macro (in Nightly builds, run with -Z macro-backtrace for more info)
[INFO] [stdout] 
[INFO] [stdout] 
[INFO] [stderr]    Compiling idna v0.2.0
[INFO] [stderr]    Compiling crossbeam-channel v0.4.3
[INFO] [stderr]    Compiling openssl v0.10.30
[INFO] [stderr]    Compiling native-tls v0.2.4
[INFO] [stderr]    Compiling num_cpus v1.13.0
[INFO] [stderr]    Compiling iovec v0.1.4
[INFO] [stderr]    Compiling atty v0.2.14
[INFO] [stderr]    Compiling net2 v0.2.34
[INFO] [stderr]    Compiling which v3.1.1
[INFO] [stderr]    Compiling time v0.1.43
[INFO] [stderr]    Compiling socket2 v0.3.12
[INFO] [stdout] error[E0599]: no method named `encode_wide` found for reference `&OsStr` in the current scope
[INFO] [stdout]     --> /opt/rustwide/cargo-home/registry/src/github.com-1ecc6299db9ec823/winreg-0.7.0/src/lib.rs:1068:10
[INFO] [stdout]      |
[INFO] [stdout] 1068 |         .encode_wide()
[INFO] [stdout]      |          ^^^^^^^^^^^ method not found in `&OsStr`
[INFO] [stdout] 
[INFO] [stdout] 
[INFO] [stdout] error[E0599]: no function or associated item named `from_wide` found for struct `OsString` in the current scope
[INFO] [stdout]   --> /opt/rustwide/cargo-home/registry/src/github.com-1ecc6299db9ec823/winreg-0.7.0/src/types.rs:58:35
[INFO] [stdout]    |
[INFO] [stdout] 58 |                 let s = OsString::from_wide(words);
[INFO] [stdout]    |                                   ^^^^^^^^^ function or associated item not found in `OsString`
[INFO] [stdout] 
[INFO] [stdout] 
[INFO] [stdout] error[E0599]: no method named `encode_wide` found for reference `&&'a OsStr` in the current scope
[INFO] [stdout]    --> /opt/rustwide/cargo-home/registry/src/github.com-1ecc6299db9ec823/winreg-0.7.0/src/types.rs:115:37
[INFO] [stdout]     |
[INFO] [stdout] 115 |             bytes: v16_to_v8(&(self.encode_wide().collect::<Vec<_>>())),
[INFO] [stdout]     |                                     ^^^^^^^^^^^ method not found in `&&'a OsStr`
[INFO] [stdout] 
[INFO] [stdout] 
[INFO] [stdout] error: aborting due to 63 previous errors
[INFO] [stdout] 
[INFO] [stdout] 
[INFO] [stdout] Some errors have detailed explanations: E0283, E0412, E0425, E0432, E0433, E0599.
[INFO] [stdout] 
[INFO] [stdout] For more information about an error, try `rustc --explain E0283`.
[INFO] [stdout] 
[INFO] [stderr]    Compiling png v0.16.7
[INFO] [stderr] error: could not compile `winreg`
[INFO] [stderr] 
[INFO] [stderr] To learn more, run the command again with --verbose.
[INFO] [stderr] warning: build failed, waiting for other jobs to finish...
[INFO] [stderr] error: build failed
[INFO] running `Command { std: "docker" "inspect" "d0452d21e083c4b09451ec3abf87d3926121ae4c075eb69b9d177c281ccc7e31", kill_on_drop: false }`
[INFO] running `Command { std: "docker" "rm" "-f" "d0452d21e083c4b09451ec3abf87d3926121ae4c075eb69b9d177c281ccc7e31", kill_on_drop: false }`
[INFO] [stdout] d0452d21e083c4b09451ec3abf87d3926121ae4c075eb69b9d177c281ccc7e31
